0. Determine y(o).
36
Let v(b) be the second derivative of -b**5/20 + 7*b**4/3 - 5*b**3 + 44*b**2 - b + 1179. What is v(27)?
7
Let t(u) be the third derivative of -u**6/360 - u**5/30 + u**4/6 + 17*u**3 - 2*u**2 + 273*u. Let i(w) be the first derivative of t(w). Give i(-6).
-8
Let q(m) = -m**2 + 3*m + 506. Suppose 2781 + 7515 = 502*i - 73*i. Calculate q(i).
2
Let f(l) = -3*l**2 + 4*l + 89. Let c(j) = -7*j**2 + 8*j + 178. Let k(r) = 4*c(r) - 9*f(r). Let m(o) be the first derivative of k(o). Determine m(3).
-10
Let p be (113 - 118)/(3/(-3)). Let t(r) = -17*r**2 + 89*r - 17. What is t(p)?
3
Let g be (2/4 - -1)*(-2392)/(-276). Let o(y) = -y**2 + 16*y - 5. Determine o(g).
34
Let l = -39 - -33. Let u be (1/(-2)*-20)/(l/(-24)). Let s(j) = 0*j - j**2 - 9 + 0*j + u - j. Give s(0).
31
Let r(o) = 4*o**3 - 2*o**2 + o. Let u be r(1). Let c(n) be the third derivative of -n**4/24 + n**3/3 + 5*n**2 - 421*n + 2. Give c(u).
-1
Let g(p) = -867 + 209*p**3 + 826 - 208*p**3. Calculate g(0).
-41
Let p(s) = 5*s - 151. Let v = 6309 - 6280. Determine p(v).
-6
Let h be (-8 - (2 + 0)) + (76 - 68). Let x(f) = -6*f**2 + f. Calculate x(h).
-26
Let q(c) = c**2 - 6*c + 4. Suppose -3*j + 5*j - 5*p - 39 = 0, 0 = -5*j + p + 86. Suppose 3*s - j = 2*h, 4*h + 3 = h. Give q(s).
-1
Let x(u) = 3*u**2. Suppose 5*g = 11 + 4, -2*m - 3 = -3*g. Let n be (-1)/4 + m/(12/65). Suppose -4*d - 15 = 5*j, -2*j = 2*j + 4*d + n. Give x(j).
3
Let k(w) be the first derivative of 12*w**2 + 3*w + 982. Give k(-4).
-93
Let p be (-26)/4 + (-4)/(-8). Let n(m) be the first derivative of -m**4/4 - 8*m**3/3 - 4*m**2 - 8*m - 1510. Calculate n(p).
-32
Let i = 57 - 52. Let c(v) = -i*v**2 + 2 + 5*v - 18*v - 1. Let w(r) = -6*r**2 - 14*r. Let m(n) = 7*c(n) - 6*w(n). Calculate m(6).
1
Let a(s) = 21*s + 83. Let o be a(8). Let u = 249 - o. Let j(g) = 3*g - 1. Give j(u).
-7
Suppose -2*c + 46 = 2*y - 84, -4*c + 16 = 0. Let l(q) = -29*q + 1 + y*q - 31*q - 2*q**2. What is l(-1)?
-2
Let r(b) = 32*b**3 - b**2. Let c = 211 - 237. Let l = c + 27. Calculate r(l).
31
Let k(u) = -6*u + 135. Let r be k(22). Suppose -3*v - 6 = 0, r*g - 4*v + 2 = 5*g. Let f(s) = -s**3 + 4*s**2 + 6*s + 2. Calculate f(g).
7
Let h(d) = -d**3 + d**2 + 2*d - 20. Let b(q) = 3*q**3 - 3*q**2 - 5*q + 40. Let u(w) = 2*b(w) + 5*h(w). Suppose 35014*m - 34990*m = 0. Determine u(m).
-20
Let w = -1445 - -1440. Let v(g) = 5*g + 28. Give v(w).
3
Let k be (-12)/4*(-6)/((-8)/(-4)). Suppose 3*z + 2*q - 14 = 0, 3*z - 4*q + 6 = -q. Suppose 3*t = -l, -z*l + 2*t = 1 - k. Let b(v) = -5*v + 1. Calculate b(l).
-14
Let v(g) be the first derivative of -g**2 - 10*g - 58. Calculate v(14).
-38
Let x(q) be the second derivative of 29*q**3/6 - 4*q. Let m(j) = j**3 - 9*j**2 + 13*j - 10. Let p be m(7). Let n = p + 18. What is x(n)?
29
Let p(t) = 12*t**2 + 13*t - 20*t**2 + 19 + 13 + 9*t**2 + 6. Calculate p(-9).
2
Let a(y) be the second derivative of y**5/20 - 2*y**3/3 - 2*y**2 - y. Let w be -351 - 1 - (-6)/6. Let q = w - -348. Calculate a(q).
-19
Let y(m) = -3*m**2 - 60160 + 20044 + 20059 - 6*m + 20056. Suppose 0 = 8*z - 3*z + 20. Calculate y(z).
-25
Let f(q) = -5*q - 2. Let b(k) = -2*k**2 - 51*k - 23. Let u be b(-25). Suppose u*m = -2*s + 14, 25 = 10*m - 7*m + 4*s. Give f(m).
-17
Let y(s) = 7*s - s**3 + 55*s - 2*s**2 - 59*s + 2. Determine y(-2).
-4
Let z(l) = -l + 11. Let t(f) = -f**2 + 49*f - 93. Let o be t(2). Let j be 13/(-4) + (-1)/(-4). Let u be (-15)/(-3) - j*o. Give z(u).
3
Let y(u) = -13*u**2 - 15*u - 9. Let v(z) = 21*z**2 + 25*z + 13. Let r(l) = 5*v(l) + 8*y(l). What is r(-6)?
-1
Let j(r) be the third derivative of 0*r + 0 - 3/2*r**3 - 1/4*r**4 + 179*r**2. Calculate j(-2).
3
Let a(u) = -8*u + 93. Let q(i) = i**3 + 82*i**2 + 234*i - 227. Let z be q(-79). What is a(z)?
13
Let z(g) = g**3 - 14*g**2 - g + 21. Let w be ((-24)/(-5) - 10/(-8 + 13))*5. Calculate z(w).
7
Let v(a) = a - 16. Suppose -536*h = -532*h + 5 - 45. Give v(h).
-6
Let d(y) = -17*y**3 + 11*y**2 + y + 11. Let a(n) = 61*n**3 - 38*n**2 - 5*n - 38. Let l(g) = -5*a(g) - 18*d(g). Calculate l(9).
136
Suppose -30*s - 92 + 39 + 23 = 0. Let w(j) = -3*j + 8. Calculate w(s).
11
Let t(n) = -5*n**2 - n**2 + 17 - n**3 + 2*n**2 - 16 - 16 + n. What is t(-5)?
5
Let g be (-5324)/(-14) + (4/(-14) - 0). Let n = g - 384. Let v(x) = -x**2 - x + 3. What is v(n)?
-9
Let w(d) be the second derivative of d**7/840 + d**6/45 - 11*d**5/120 - d**4/4 + d**3/2 - d**2 - 65*d. Let m(t) be the second derivative of w(t). Give m(-9).
12
Let b(r) = -34*r - 41. Let p(w) = 183*w + 225. Let j(n) = 27*b(n) + 5*p(n). What is j(5)?
3
Let q = -1489 - -1509. Let x(f) = f**2 - 17*f - 62. What is x(q)?
-2
Let p be 11 + 2/(-1) - -8. Let t(u) = -4*u + 17. Calculate t(p).
-51
Let y(v) = v**3 + 5*v**2 + 6*v + 1. Let t = 93 - 90. Suppose r - s - 3*s + 4 = 0, -t*r + 3*s = 12. What is y(r)?
-7
Let b(u) = -u**3 + 9*u**2 - u + 5. Let n be (4/6)/((-678)/(-9153)). Calculate b(n).
-4
Let d(p) be the third derivative of p**7/840 + p**6/120 - p**5/120 - 104*p**3/3 - 3*p**2 + 42*p. Let q(k) be the first derivative of d(k). Give q(-3).
3
Let b = 1 + -8. Let n(y) = -7492*y - 3 + 14559*y - 7072*y - y**2. Calculate n(b).
-17
Let p = -65 - -63. Let j(x) = -1. Let b(n) = n**3 - 5*n**2 + 4*n + 1. Let k(y) = p*j(y) - b(y). Suppose -7*w + 2*w + 5*d + 35 = 0, -8 = 2*d. Calculate k(w).
7
Suppose 11*k + 12 = 1123. Let z = k - 101. Suppose z = 7*h + 21 + 28. Let s(c) = -c**3 - 9*c**2 - 9*c + 7. Give s(h).
-28
Let a = 4 + -3. Let l(q) be the second derivative of -5*q**4/6 + 28*q**2 + 101*q. Let c(x) be the first derivative of l(x). What is c(a)?
-20
Let o(z) be the first derivative of z**2/2 + 2*z - 2. Suppose -v - 26*c = -24*c + 7, 0 = -c - 1. Give o(v).
-3
Let j be 8/(-68) - (-144)/68. Suppose -4 = -j*d - 4*y - 2, -5*d = -2*y - 53. Let c(s) = -s + 10. Calculate c(d).
1
Let v(n) = 48*n**2 + 4*n + 75*n**2 + 2 + 79*n**2 + n**3 - 197*n**2. Suppose 3*h + 10 = -2. Determine v(h).
2
Let n(w) = 9*w**2 + 4*w + 11. Let i(o) = -20*o**2 - 9*o - 24. Suppose 0 = 2*r - 74 + 56. Let l(u) = r*n(u) + 4*i(u). Let y = 0 - -3. What is l(y)?
12
Let o(c) be the first derivative of 7*c**2/2 + 205*c + 341. Calculate o(-29).
2
Suppose 6*b - 10 = 3*b - x, 0 = -x + 4. Let i(u) = 2 + u**3 + 127*u - 3*u**b + 2 - 132*u. Give i(4).
0
Let z(h) = h**3 - h**2 - 3*h - 3. Let w(q) = -3*q - 19. Let p be w(-6). Let t be 2 - ((-17)/p - 2). Let m = 16 + t. Give z(m).
6
Let r(b) = -2*b**2 + 17*b - 9. Let a(q) = q**3 + 9*q**2 - 3*q - 19. Let i be a(-9). Let p be r(i). Let c(s) = 0*s**2 - 1 + 6*s**2 + s**2. Determine c(p).
6
Suppose -9 = -2*s + 2*g + 1, 0 = s - 5*g - 5. Let z(b) = -157 - 165 + 323 - s*b. Suppose 3*n - 5*f + 4*f = 0, 5*f = -4*n + 19. Determine z(n).
-4
Suppose -10*s + 13*s - 9 = 0. Let r(a) = -4*a + s*a + 2*a - 2*a. Let d(l) = -1. Let f(o) = 3*d(o) + r(o). Determine f(-4).
1
Let n(y) = -3*y**3 + 4*y**2 + y + 2. Let t(p) = 2*p**3 - 5*p**2 - p - 3. Let l(d) = 3*n(d) + 4*t(d). Let x be l(-8). Let r(k) = -2*k + 2. Give r(x).
-2
Let v(t) = t**2 - 14*t + 27. Let l(f) = -f. Let w(j) = 2*j + 1. Let b(o) = -6*l(o) - w(o). Let s be b(3). Give v(s).
-6
Let d = 1 - 8. Let w(p) = -p**2 + 3 - 579*p - 1 - 583*p - 576*p + 2312*p - 584*p. Calculate w(d).
23
Suppose -159*d + 1456 = -1565. Suppose 7*t - 2*t = 5. Let g(b) = 4*b + 14*b**2 - d*b**2 - 4*b - t. Calculate g(-1).
-6
Let d(v) = -v**2 + 7*v - 6. Let z = -24 - -52. Suppose 0 = -3*h + 1 + 5, -4*l = 4*h - z. Calculate d(l).
4
Let x(w) = -w**2 - 9*w - 4. Suppose -3273 = 21*p - 354. Let n = p + 133. Calculate x(n).
14
Let p be (-530)/4*90/(-225). Let v(j) = -58 - 50 + j + 201 - p. Calculate v(0).
40
Suppose -c + 3*c - f - 335 = 0, 0 = 3*c - 2*f - 502. Let p be ((-216)/c)/((-6)/28). Let o(k) = -k**2 + 2*k + 4. Give o(p).
-20
Let t(o) = 3*o**2 + 8*o - 37. Suppose -58*w - 6 = 3*h - 62*w, 0 = -3*h + 3*w - 9. Give t(h).
23
Let n(u) = 2*u**2 + 1307*u + 2607. Let d be n(-2). Let a(c) be the third derivative of 0*c + 1/24*c**4 - c**2 + 1/15*c**5 - 1/6*c**3 + 0. Calculate a(d).
4
Let i(l) = l**3 + 5*l**2 + 2*l - 3. Let k be i(-4). Suppose 5*g - 1 = c, -3*c + k*g - 19 = -6. Let p be c/14 - (-228)/42. Let z(q) = -2*q - 1. What is z(p)?
-11
Let v be 5 + (17/(-119))/(2/(-14)). Suppose -v*n + 80 = 10*n. Let y(z) = z**3 - 5*z**2 - 10. What is y(n)?
-10
Let d be -12 - (6 - (-5 - -9))*1. Let g